{"id":155,"date":"2022-07-22T11:08:13","date_gmt":"2022-07-22T16:08:13","guid":{"rendered":"http:\/\/www.uartes.edu.ec\/sitio\/sonocordia\/contacto\/"},"modified":"2022-11-18T16:50:26","modified_gmt":"2022-11-18T21:50:26","slug":"contacto","status":"publish","type":"page","link":"http:\/\/www.uartes.edu.ec\/sitio\/sonocordia\/contacto\/","title":{"rendered":"Cont\u00e1ctenos"},"content":{"rendered":"<div class=\"wpforms-container wpforms-container-full wpforms-block\" id=\"wpforms-182\"><form id=\"wpforms-form-182\" class=\"wpforms-validate wpforms-form wpforms-ajax-form\" data-formid=\"182\" method=\"post\" enctype=\"multipart\/form-data\" action=\"\/sitio\/sonocordia\/wp-json\/wp\/v2\/pages\/155\" data-token=\"4018a488f09221493fe51d36d9df0060\" data-token-time=\"1777646766\"><div class=\"wpforms-head-container\"><div class=\"wpforms-description\">Si tienes alguna inquietud o comentario sobre nuestra revista, puedes hac\u00e9rnoslos llegar a trav\u00e9s del siguiente formulario.<\/div><\/div><noscript class=\"wpforms-error-noscript\">Por favor, activa JavaScript en tu navegador para completar este formulario.<\/noscript><div class=\"wpforms-field-container\"><div id=\"wpforms-182-field_0-container\" class=\"wpforms-field wpforms-field-name\" data-field-id=\"0\"><label class=\"wpforms-field-label\" for=\"wpforms-182-field_0\">Nombre <span class=\"wpforms-required-label\">*<\/span><\/label><input type=\"text\" id=\"wpforms-182-field_0\" class=\"wpforms-field-medium wpforms-field-required\" name=\"wpforms[fields][0]\" required><\/div><div id=\"wpforms-182-field_1-container\" class=\"wpforms-field wpforms-field-email\" data-field-id=\"1\"><label class=\"wpforms-field-label\" for=\"wpforms-182-field_1\">Correo electr\u00f3nico <span class=\"wpforms-required-label\">*<\/span><\/label><input type=\"email\" id=\"wpforms-182-field_1\" class=\"wpforms-field-medium wpforms-field-required\" name=\"wpforms[fields][1]\" spellcheck=\"false\" required><\/div><div id=\"wpforms-182-field_3-container\" class=\"wpforms-field wpforms-field-number\" data-field-id=\"3\"><label class=\"wpforms-field-label\" for=\"wpforms-182-field_3\">Tel\u00e9fono<\/label><input type=\"number\" id=\"wpforms-182-field_3\" class=\"wpforms-field-medium\" name=\"wpforms[fields][3]\" step=\"any\" ><\/div><div id=\"wpforms-182-field_2-container\" class=\"wpforms-field wpforms-field-textarea\" data-field-id=\"2\"><label class=\"wpforms-field-label\" for=\"wpforms-182-field_2\">Comentario o mensaje<\/label><textarea id=\"wpforms-182-field_2\" class=\"wpforms-field-medium\" name=\"wpforms[fields][2]\" ><\/textarea><\/div><\/div><!-- .wpforms-field-container --><div class=\"wpforms-submit-container\" ><input type=\"hidden\" name=\"wpforms[id]\" value=\"182\"><input type=\"hidden\" name=\"page_title\" value=\"\"><input type=\"hidden\" name=\"page_url\" value=\"https:\/\/www.uartes.edu.ec\/sitio\/sonocordia\/wp-json\/wp\/v2\/pages\/155\"><input type=\"hidden\" name=\"url_referer\" value=\"\"><button type=\"submit\" name=\"wpforms[submit]\" id=\"wpforms-submit-182\" class=\"wpforms-submit\" data-alt-text=\"Enviando...\" data-submit-text=\"Enviar\" aria-live=\"assertive\" value=\"wpforms-submit\">Enviar<\/button><img decoding=\"async\" src=\"https:\/\/www.uartes.edu.ec\/sitio\/sonocordia\/wp-content\/plugins\/wpforms\/assets\/images\/submit-spin.svg\" class=\"wpforms-submit-spinner\" style=\"display: none;\" width=\"26\" height=\"26\" alt=\"Cargando\"><\/div><\/form><\/div>  <!-- .wpforms-container -->\n\n\n<div style=\"height:50px\" aria-hidden=\"true\" class=\"wp-block-spacer\"><\/div>\n\n\n\n<h3 class=\"wp-block-heading\">Direcci\u00f3n<\/h3>\n\n\n\n<div style=\"height:50px\" aria-hidden=\"true\" class=\"wp-block-spacer\"><\/div>\n\n\n\n<div class=\"wp-block-columns is-layout-flex wp-container-core-columns-is-layout-9d6595d7 wp-block-columns-is-layout-flex\">\n<div class=\"wp-block-column is-layout-flow wp-block-column-is-layout-flow\">\n<p><strong>Escuela de Artes Sonoras<\/strong><br>Universidad de las Artes<br>Pabell\u00f3n Araceli Gilbert, 2\u00b0piso<br>Palacio de la Gobernaci\u00f3n<br>Malec\u00f3n Sim\u00f3n Bol\u00edvar y Aguirre<br>Lunes a viernes: 9:30 a 16h30<br>Email: <a href=\"mailto:escuela.artes-sonoras@uartes.edu.ec\">escuela.artes-sonoras@uartes.edu.ec<\/a><\/p>\n<\/div>\n\n\n\n<div class=\"wp-block-column is-layout-flow wp-block-column-is-layout-flow\">\n<div data-map-zoom=\"16\" data-interaction=\"cooperative\" data-map-style=\"ultra_light\" data-map-center=\"{&quot;lat&quot;:-2.194207942290758,&quot;lng&quot;:-79.88039450221017}\" data-zoom-control=\"true\" data-type-control=\"true\" data-street-view-control=\"false\" data-full-screen-control=\"true\" data-map-markers=\"[{&quot;name&quot;:&quot;Universidad de las Artes&quot;,&quot;description&quot;:&quot;&quot;,&quot;popUpOpen&quot;:false,&quot;popUpMaxWidth&quot;:250,&quot;bounce&quot;:false,&quot;coords&quot;:{&quot;lat&quot;:-2.1944543983110987,&quot;lng&quot;:-79.88062620162964}}]\" class=\"wp-block-getwid-map\"><div style=\"height:300px\" class=\"wp-block-getwid-map__container\"><\/div><ul class=\"wp-block-getwid-map__points\"><li><a href=\"https:\/\/maps.google.com\/?q=-2.1944543983110987,-79.88062620162964&amp;ll=-2.1944543983110987,-79.88062620162964&amp;z=16\">Universidad de las Artes<\/a><\/li><\/ul><\/div>\n<\/div>\n<\/div>\n\n\n\n<div style=\"height:50px\" aria-hidden=\"true\" class=\"wp-block-spacer\"><\/div>\n\n\n\n<h3 class=\"wp-block-heading\">Contactos principales<\/h3>\n\n\n\n<p>Luis P\u00e9rez-Valero<br>Editor general<br>Escuela de Artes Sonoras<br>Carrera de Producci\u00f3n Musical y Artes Sonoras<br><a href=\"mailto:luis.perez@uartes.edu.ec\">luis.perez@uartes.edu.ec<\/a><\/p>\n\n\n\n<p>Omar Dom\u00ednguez Castro<br>Coordinaci\u00f3n editorial<br>Escuela de Artes Sonoras<br>Carrera de Artes Musicales y Sonoras<br><a href=\"mailto:omar.dominguez@uartes.edu.ec\">omar.dominguez@uartes.edu.ec<\/a><\/p>\n\n\n\n<h3 class=\"wp-block-heading\">Email<\/h3>\n\n\n\n<p><a href=\"mailto:revista.sonocordia@uartes.edu.ec\">revista.sonocordia@uartes.edu.ec<\/a><\/p>\n","protected":false},"excerpt":{"rendered":"<p>Direcci\u00f3n Escuela de Artes SonorasUniversidad de las ArtesPabell\u00f3n Araceli Gilbert, 2\u00b0pisoPalacio de la Gobernaci\u00f3nMalec\u00f3n Sim\u00f3n Bol\u00edvar y AguirreLunes a viernes: 9:30 a 16h30Email: escuela.artes-sonoras@uartes.edu.ec Contactos principales Luis P\u00e9rez-ValeroEditor generalEscuela de Artes SonorasCarrera de Producci\u00f3n Musical y Artes Sonorasluis.perez@uartes.edu.ec Omar Dom\u00ednguez <a class=\"more-link\" href=\"http:\/\/www.uartes.edu.ec\/sitio\/sonocordia\/contacto\/\">Seguir leyendo <span class=\"screen-reader-text\">  Cont\u00e1ctenos<\/span><span class=\"meta-nav\">&rarr;<\/span><\/a><\/p>\n","protected":false},"author":1,"featured_media":0,"parent":0,"menu_order":5,"comment_status":"closed","ping_status":"closed","template":"","meta":{"_uag_custom_page_level_css":"","_monsterinsights_skip_tracking":false,"_monsterinsights_sitenote_active":false,"_monsterinsights_sitenote_note":"","_monsterinsights_sitenote_category":0,"cybocfi_hide_featured_image":"","footnotes":""},"class_list":["post-155","page","type-page","status-publish","hentry"],"uagb_featured_image_src":{"full":false,"thumbnail":false,"medium":false,"medium_large":false,"large":false,"1536x1536":false,"2048x2048":false,"gb-block-post-grid-landscape":false,"gb-block-post-grid-square":false,"featured-slider-larger":false,"featured-slider":false},"uagb_author_info":{"display_name":"Universidad de las Artes","author_link":"https:\/\/www.uartes.edu.ec\/sitio\/sonocordia\/author\/dircomadm\/"},"uagb_comment_info":0,"uagb_excerpt":"Direcci\u00f3n Escuela de Artes SonorasUniversidad de las ArtesPabell\u00f3n Araceli Gilbert, 2\u00b0pisoPalacio de la Gobernaci\u00f3nMalec\u00f3n Sim\u00f3n Bol\u00edvar y AguirreLunes a viernes: 9:30 a 16h30Email: escuela.artes-sonoras@uartes.edu.ec Contactos principales Luis P\u00e9rez-ValeroEditor generalEscuela de Artes SonorasCarrera de Producci\u00f3n Musical y Artes Sonorasluis.perez@uartes.edu.ec Omar Dom\u00ednguez Seguir leyendo Cont\u00e1ctenos&rarr;","featured_image_src":null,"featured_image_src_square":null,"distributor_meta":false,"distributor_terms":false,"distributor_media":false,"distributor_original_site_name":"Sonocordia","distributor_original_site_url":"https:\/\/www.uartes.edu.ec\/sitio\/sonocordia","push-errors":false,"_links":{"self":[{"href":"https:\/\/www.uartes.edu.ec\/sitio\/sonocordia\/wp-json\/wp\/v2\/pages\/155","targetHints":{"allow":["GET"]}}],"collection":[{"href":"https:\/\/www.uartes.edu.ec\/sitio\/sonocordia\/wp-json\/wp\/v2\/pages"}],"about":[{"href":"https:\/\/www.uartes.edu.ec\/sitio\/sonocordia\/wp-json\/wp\/v2\/types\/page"}],"author":[{"embeddable":true,"href":"https:\/\/www.uartes.edu.ec\/sitio\/sonocordia\/wp-json\/wp\/v2\/users\/1"}],"replies":[{"embeddable":true,"href":"https:\/\/www.uartes.edu.ec\/sitio\/sonocordia\/wp-json\/wp\/v2\/comments?post=155"}],"version-history":[{"count":12,"href":"https:\/\/www.uartes.edu.ec\/sitio\/sonocordia\/wp-json\/wp\/v2\/pages\/155\/revisions"}],"predecessor-version":[{"id":265,"href":"https:\/\/www.uartes.edu.ec\/sitio\/sonocordia\/wp-json\/wp\/v2\/pages\/155\/revisions\/265"}],"wp:attachment":[{"href":"https:\/\/www.uartes.edu.ec\/sitio\/sonocordia\/wp-json\/wp\/v2\/media?parent=155"}],"curies":[{"name":"wp","href":"https:\/\/api.w.org\/{rel}","templated":true}]}}