{"id":239,"date":"2022-11-15T08:21:38","date_gmt":"2022-11-15T13:21:38","guid":{"rendered":"http:\/\/www.uartes.edu.ec\/sitio\/sonocordia\/autores-potenciales\/"},"modified":"2022-11-15T11:42:00","modified_gmt":"2022-11-15T16:42:00","slug":"autores-potenciales","status":"publish","type":"page","link":"http:\/\/www.uartes.edu.ec\/sitio\/sonocordia\/autores-potenciales\/","title":{"rendered":"Autores potenciales"},"content":{"rendered":"\n<p>\u00a1Gracias por su inter\u00e9s en publicar su trabajo en Sonocordia! Antes de enviar una propuesta de su autor\u00eda, navegue por nuestro sitio web y revise el equipo de profesionales en temas especializados, para que pueda seleccionar a la mejor persona que va con su l\u00ednea de investigaci\u00f3n y posteriormente contactarlo para hablar sobre su proyecto investigativo musical. Una vez que est\u00e9 listo para enviar una propuesta, tenga en cuenta que preferimos la presentaci\u00f3n electr\u00f3nica de consultas y propuestas. No podemos devolver materiales f\u00edsicos no solicitados que hayan sido enviados por correo a nuestras oficinas.<\/p>\n\n\n\n<p>Para ser publicadas, las propuestas deben haber sido aceptadas previamente por el Consejo Editorial, que se re\u00fane una vez al a\u00f1o para evaluar las propuestas que recibe la editorial durante el lapso de cada convocatoria.<\/p>\n\n\n\n<p>La producci\u00f3n anual de UArtes Ediciones est\u00e1 conformada por tres tipos de publicaciones: colecciones, revistas acad\u00e9micas y libros institucionales.<\/p>\n\n\n\n<p>El proceso de selecci\u00f3n de manuscritos a editorializar empieza con una convocatoria anual. Para participar en Sonocordia, el autor debe enviar su propuesta al correo electr\u00f3nico <a href=\"mailto:revista.sonocordia@uartes.edu.ec\">revista.sonocordia@uartes.edu.ec<\/a> dentro de los plazos de la convocatoria. No se aceptar\u00e1n textos fuera de las fechas se\u00f1aladas. La postulaci\u00f3n debe incluir el <strong>formato de aplicaci\u00f3n<\/strong> con la descripci\u00f3n del proyecto, un resumen curricular, el manuscrito completo, m\u00e1s toda la informaci\u00f3n que el autor considere relevante.<\/p>\n\n\n\n<p>Las propuestas deben ser textos in\u00e9ditos.<\/p>\n\n\n\n<p>Los manuscritos son evaluados por el Consejo Editorial, el cual dictamina de la siguiente manera: aprobado o rechazado. Los dict\u00e1menes del Consejo Editorial son inapelables.<\/p>\n\n\n\n<p>En caso de ser aprobado por el Consejo Editorial, el autor bajo relaci\u00f3n de dependencia con la Universidad de las Artes ceder\u00e1 una licencia de publicaci\u00f3n a la Universidad. El autor externo le otorgar\u00e1 a la Universidad de las Artes, seg\u00fan el tiempo y formas que se consideren pertinentes, una licencia no exclusiva para la publicaci\u00f3n de la obra, seg\u00fan lo establece el C\u00f3digo de Ingenios en su art\u00edculo 110.<\/p>\n\n\n\n<p>Los autores se comprometen a trabajar junto con la revista Sonocordia sobre cualquier reparo, correcci\u00f3n o impugnaci\u00f3n de sus manuscritos.<\/p>\n","protected":false},"excerpt":{"rendered":"<p>\u00a1Gracias por su inter\u00e9s en publicar su trabajo en Sonocordia! Antes de enviar una propuesta de su autor\u00eda, navegue por nuestro sitio web y revise el equipo de profesionales en temas especializados, para que pueda seleccionar a la mejor persona <a class=\"more-link\" href=\"http:\/\/www.uartes.edu.ec\/sitio\/sonocordia\/autores-potenciales\/\">Seguir leyendo <span class=\"screen-reader-text\">  Autores potenciales<\/span><span class=\"meta-nav\">&rarr;<\/span><\/a><\/p>\n","protected":false},"author":1,"featured_media":0,"parent":0,"menu_order":14,"comment_status":"closed","ping_status":"closed","template":"","meta":{"_uag_custom_page_level_css":"","_monsterinsights_skip_tracking":false,"_monsterinsights_sitenote_active":false,"_monsterinsights_sitenote_note":"","_monsterinsights_sitenote_category":0,"cybocfi_hide_featured_image":"","footnotes":""},"class_list":["post-239","page","type-page","status-publish","hentry"],"uagb_featured_image_src":{"full":false,"thumbnail":false,"medium":false,"medium_large":false,"large":false,"1536x1536":false,"2048x2048":false,"gb-block-post-grid-landscape":false,"gb-block-post-grid-square":false,"featured-slider-larger":false,"featured-slider":false},"uagb_author_info":{"display_name":"Universidad de las Artes","author_link":"https:\/\/www.uartes.edu.ec\/sitio\/sonocordia\/author\/dircomadm\/"},"uagb_comment_info":0,"uagb_excerpt":"\u00a1Gracias por su inter\u00e9s en publicar su trabajo en Sonocordia! Antes de enviar una propuesta de su autor\u00eda, navegue por nuestro sitio web y revise el equipo de profesionales en temas especializados, para que pueda seleccionar a la mejor persona Seguir leyendo Autores potenciales&rarr;","featured_image_src":null,"featured_image_src_square":null,"distributor_meta":false,"distributor_terms":false,"distributor_media":false,"distributor_original_site_name":"Sonocordia","distributor_original_site_url":"https:\/\/www.uartes.edu.ec\/sitio\/sonocordia","push-errors":false,"_links":{"self":[{"href":"https:\/\/www.uartes.edu.ec\/sitio\/sonocordia\/wp-json\/wp\/v2\/pages\/239","targetHints":{"allow":["GET"]}}],"collection":[{"href":"https:\/\/www.uartes.edu.ec\/sitio\/sonocordia\/wp-json\/wp\/v2\/pages"}],"about":[{"href":"https:\/\/www.uartes.edu.ec\/sitio\/sonocordia\/wp-json\/wp\/v2\/types\/page"}],"author":[{"embeddable":true,"href":"https:\/\/www.uartes.edu.ec\/sitio\/sonocordia\/wp-json\/wp\/v2\/users\/1"}],"replies":[{"embeddable":true,"href":"https:\/\/www.uartes.edu.ec\/sitio\/sonocordia\/wp-json\/wp\/v2\/comments?post=239"}],"version-history":[{"count":2,"href":"https:\/\/www.uartes.edu.ec\/sitio\/sonocordia\/wp-json\/wp\/v2\/pages\/239\/revisions"}],"predecessor-version":[{"id":260,"href":"https:\/\/www.uartes.edu.ec\/sitio\/sonocordia\/wp-json\/wp\/v2\/pages\/239\/revisions\/260"}],"wp:attachment":[{"href":"https:\/\/www.uartes.edu.ec\/sitio\/sonocordia\/wp-json\/wp\/v2\/media?parent=239"}],"curies":[{"name":"wp","href":"https:\/\/api.w.org\/{rel}","templated":true}]}}