{"id":243,"date":"2022-11-15T08:21:39","date_gmt":"2022-11-15T13:21:39","guid":{"rendered":"http:\/\/www.uartes.edu.ec\/sitio\/sonocordia\/promocion-para-autores\/"},"modified":"2022-11-21T12:17:14","modified_gmt":"2022-11-21T17:17:14","slug":"promocion-para-autores","status":"publish","type":"page","link":"http:\/\/www.uartes.edu.ec\/sitio\/sonocordia\/promocion-para-autores\/","title":{"rendered":"Promoci\u00f3n para autores"},"content":{"rendered":"\n<p>El director\/a de la editorial y su equipo ser\u00e1 el encargado de divulgar los productos acad\u00e9micos y art\u00edsticos de la universidad con los medios que le sean disponibles y en dialogo con el departamento de Comunicaci\u00f3n, el Vicerrectorado de Relaciones Internacionales y V\u00ednculo con la Comunidad y el Laboratorio.<\/p>\n\n\n\n<p>El director\/a de la editorial pondr\u00e1 en marcha el proceso de distribuci\u00f3n de las obras a trav\u00e9s de diferentes mecanismos:<\/p>\n\n\n\n<ol class=\"wp-block-list\" type=\"1\">\n<li>Presentaci\u00f3n del libro (venta directa).<\/li>\n\n\n\n<li>Ferias del libro.<\/li>\n\n\n\n<li>Eventos acad\u00e9micos y\/o art\u00edsticos de la UArtes.<\/li>\n\n\n\n<li>Librer\u00eda y biblioteca de la Uartes.<\/li>\n\n\n\n<li>Cat\u00e1logo p\u00fablico que oferte los t\u00edtulos de la UArtes Ediciones.<\/li>\n\n\n\n<li>Colocaci\u00f3n de la obra en librer\u00edas (previo acuerdo con las librer\u00edas).<\/li>\n\n\n\n<li>Plataformas electr\u00f3nicas, e-book, e-pub y otras similares.<\/li>\n<\/ol>\n","protected":false},"excerpt":{"rendered":"<p>El director\/a de la editorial y su equipo ser\u00e1 el encargado de divulgar los productos acad\u00e9micos y art\u00edsticos de la universidad con los medios que le sean disponibles y en dialogo con el departamento de Comunicaci\u00f3n, el Vicerrectorado de Relaciones <a class=\"more-link\" href=\"http:\/\/www.uartes.edu.ec\/sitio\/sonocordia\/promocion-para-autores\/\">Seguir leyendo <span class=\"screen-reader-text\">  Promoci\u00f3n para autores<\/span><span class=\"meta-nav\">&rarr;<\/span><\/a><\/p>\n","protected":false},"author":1,"featured_media":0,"parent":0,"menu_order":14,"comment_status":"closed","ping_status":"closed","template":"","meta":{"_uag_custom_page_level_css":"","_monsterinsights_skip_tracking":false,"_monsterinsights_sitenote_active":false,"_monsterinsights_sitenote_note":"","_monsterinsights_sitenote_category":0,"cybocfi_hide_featured_image":"","footnotes":""},"class_list":["post-243","page","type-page","status-publish","hentry"],"uagb_featured_image_src":{"full":false,"thumbnail":false,"medium":false,"medium_large":false,"large":false,"1536x1536":false,"2048x2048":false,"gb-block-post-grid-landscape":false,"gb-block-post-grid-square":false,"featured-slider-larger":false,"featured-slider":false},"uagb_author_info":{"display_name":"Universidad de las Artes","author_link":"https:\/\/www.uartes.edu.ec\/sitio\/sonocordia\/author\/dircomadm\/"},"uagb_comment_info":0,"uagb_excerpt":"El director\/a de la editorial y su equipo ser\u00e1 el encargado de divulgar los productos acad\u00e9micos y art\u00edsticos de la universidad con los medios que le sean disponibles y en dialogo con el departamento de Comunicaci\u00f3n, el Vicerrectorado de Relaciones Seguir leyendo Promoci\u00f3n para autores&rarr;","featured_image_src":null,"featured_image_src_square":null,"distributor_meta":false,"distributor_terms":false,"distributor_media":false,"distributor_original_site_name":"Sonocordia","distributor_original_site_url":"https:\/\/www.uartes.edu.ec\/sitio\/sonocordia","push-errors":false,"_links":{"self":[{"href":"https:\/\/www.uartes.edu.ec\/sitio\/sonocordia\/wp-json\/wp\/v2\/pages\/243","targetHints":{"allow":["GET"]}}],"collection":[{"href":"https:\/\/www.uartes.edu.ec\/sitio\/sonocordia\/wp-json\/wp\/v2\/pages"}],"about":[{"href":"https:\/\/www.uartes.edu.ec\/sitio\/sonocordia\/wp-json\/wp\/v2\/types\/page"}],"author":[{"embeddable":true,"href":"https:\/\/www.uartes.edu.ec\/sitio\/sonocordia\/wp-json\/wp\/v2\/users\/1"}],"replies":[{"embeddable":true,"href":"https:\/\/www.uartes.edu.ec\/sitio\/sonocordia\/wp-json\/wp\/v2\/comments?post=243"}],"version-history":[{"count":2,"href":"https:\/\/www.uartes.edu.ec\/sitio\/sonocordia\/wp-json\/wp\/v2\/pages\/243\/revisions"}],"predecessor-version":[{"id":278,"href":"https:\/\/www.uartes.edu.ec\/sitio\/sonocordia\/wp-json\/wp\/v2\/pages\/243\/revisions\/278"}],"wp:attachment":[{"href":"https:\/\/www.uartes.edu.ec\/sitio\/sonocordia\/wp-json\/wp\/v2\/media?parent=243"}],"curies":[{"name":"wp","href":"https:\/\/api.w.org\/{rel}","templated":true}]}}

Promoción para autores

<p>El director/a de la editorial y su equipo será el encargado de divulgar los productos académicos y artísticos de la universidad con los medios que le sean disponibles y en dialogo con el departamento de Comunicación, el Vicerrectorado de Relaciones Internacionales y Vínculo con la Comunidad y el Laboratorio.</p>



<p>El director/a de la editorial pondrá en marcha el proceso de distribución de las obras a través de diferentes mecanismos:</p>



<ol class="wp-block-list" type="1">
<li>Presentación del libro (venta directa).</li>



<li>Ferias del libro.</li>



<li>Eventos académicos y/o artísticos de la UArtes.</li>



<li>Librería y biblioteca de la Uartes.</li>



<li>Catálogo público que oferte los títulos de la UArtes Ediciones.</li>



<li>Colocación de la obra en librerías (previo acuerdo con las librerías).</li>



<li>Plataformas electrónicas, e-book, e-pub y otras similares.</li>
</ol>

<p>El director/a de la editorial y su equipo será el encargado de divulgar los productos académicos y artísticos de la universidad con los medios que le sean disponibles y en dialogo con el departamento de Comunicación, el Vicerrectorado de Relaciones <a class="more-link" href="http://www.uartes.edu.ec/sitio/sonocordia/promocion-para-autores/">Seguir leyendo <span class="screen-reader-text">  Promoción para autores</span><span class="meta-nav">&rarr;</span></a></p>

El director/a de la editorial y su equipo será el encargado de divulgar los productos académicos y artísticos de la universidad con los medios que le sean disponibles y en dialogo con el departamento de Comunicación, el Vicerrectorado de Relaciones Seguir leyendo Promoción para autores&rarr;
