{"version":"1.0","provider_name":"Universidad de las Artes","provider_url":"https:\/\/www.uartes.edu.ec\/sitio","title":"Alexandra Mishell Banda Almeida - Universidad de las Artes","type":"rich","width":600,"height":338,"html":"<blockquote class=\"wp-embedded-content\" data-secret=\"0FbDpwKYfc\"><a href=\"https:\/\/www.uartes.edu.ec\/sitio\/docs\/alexandra-mishell-banda-almeida\/\">Alexandra Mishell Banda Almeida<\/a><\/blockquote><iframe sandbox=\"allow-scripts\" security=\"restricted\" src=\"https:\/\/www.uartes.edu.ec\/sitio\/docs\/alexandra-mishell-banda-almeida\/embed\/#?secret=0FbDpwKYfc\" width=\"600\" height=\"338\" title=\"\u00abAlexandra Mishell Banda Almeida\u00bb \u2014 Universidad de las Artes\" data-secret=\"0FbDpwKYfc\" frameborder=\"0\" marginwidth=\"0\" marginheight=\"0\" scrolling=\"no\" class=\"wp-embedded-content\"><\/iframe><script type=\"text\/javascript\">\n\/* <![CDATA[ *\/\n\/*! This file is auto-generated *\/\n!function(d,l){\"use strict\";l.querySelector&&d.addEventListener&&\"undefined\"!=typeof URL&&(d.wp=d.wp||{},d.wp.receiveEmbedMessage||(d.wp.receiveEmbedMessage=function(e){var t=e.data;if((t||t.secret||t.message||t.value)&&!\/[^a-zA-Z0-9]\/.test(t.secret)){for(var s,r,n,a=l.querySelectorAll('iframe[data-secret=\"'+t.secret+'\"]'),o=l.querySelectorAll('blockquote[data-secret=\"'+t.secret+'\"]'),c=new RegExp(\"^https?:$\",\"i\"),i=0;i<o.length;i++)o[i].style.display=\"none\";for(i=0;i<a.length;i++)s=a[i],e.source===s.contentWindow&&(s.removeAttribute(\"style\"),\"height\"===t.message?(1e3<(r=parseInt(t.value,10))?r=1e3:~~r<200&&(r=200),s.height=r):\"link\"===t.message&&(r=new URL(s.getAttribute(\"src\")),n=new URL(t.value),c.test(n.protocol))&&n.host===r.host&&l.activeElement===s&&(d.top.location.href=t.value))}},d.addEventListener(\"message\",d.wp.receiveEmbedMessage,!1),l.addEventListener(\"DOMContentLoaded\",function(){for(var e,t,s=l.querySelectorAll(\"iframe.wp-embedded-content\"),r=0;r<s.length;r++)(t=(e=s[r]).getAttribute(\"data-secret\"))||(t=Math.random().toString(36).substring(2,12),e.src+=\"#?secret=\"+t,e.setAttribute(\"data-secret\",t)),e.contentWindow.postMessage({message:\"ready\",secret:t},\"*\")},!1)))}(window,document);\n\/\/# sourceURL=https:\/\/www.uartes.edu.ec\/sitio\/wp-includes\/js\/wp-embed.min.js\n\/* ]]> *\/\n<\/script>\n","thumbnail_url":"https:\/\/www.uartes.edu.ec\/sitio\/wp-content\/uploads\/2022\/07\/Foto-.jpg","thumbnail_width":800,"thumbnail_height":800,"description":"Graduada de la carrera de Creaci\u00f3n Teatral de la Universidad de las Artes. Dentro de las artes esc\u00e9nicas me interesa la actuaci\u00f3n, la danza, las pr\u00e1cticas som\u00e1ticas, el teatro de objetos y la pedagog\u00eda. He participado en varios proyectos art\u00edsticos que conjugaban distintas ramas disciplinares, entre ellas la Danza de Contacto Improvisaci\u00f3n, el Yoga, la [&hellip;]"}

Graduada de la carrera de Creación Teatral de la Universidad de las Artes. Dentro de las artes escénicas me interesa la actuación, la danza, las prácticas somáticas, el teatro de objetos y la pedagogía. He participado en varios proyectos artísticos que conjugaban distintas ramas disciplinares, entre ellas la Danza de Contacto Improvisación, el Yoga, la [&hellip;]
