{"version":"1.0","provider_name":"Universidad de las Artes","provider_url":"https:\/\/www.uartes.edu.ec\/sitio","title":"Milton Leonardo Mejia Vallejo - Universidad de las Artes","type":"rich","width":600,"height":338,"html":"<blockquote class=\"wp-embedded-content\" data-secret=\"a3FaLtqmoh\"><a href=\"https:\/\/www.uartes.edu.ec\/sitio\/docs\/milton-leonardo-mejia-vallejo\/\">Milton Leonardo Mejia Vallejo<\/a><\/blockquote><iframe sandbox=\"allow-scripts\" security=\"restricted\" src=\"https:\/\/www.uartes.edu.ec\/sitio\/docs\/milton-leonardo-mejia-vallejo\/embed\/#?secret=a3FaLtqmoh\" width=\"600\" height=\"338\" title=\"\u00abMilton Leonardo Mejia Vallejo\u00bb \u2014 Universidad de las Artes\" data-secret=\"a3FaLtqmoh\" frameborder=\"0\" marginwidth=\"0\" marginheight=\"0\" scrolling=\"no\" class=\"wp-embedded-content\"><\/iframe><script type=\"text\/javascript\">\n\/* <![CDATA[ *\/\n\/*! This file is auto-generated *\/\n!function(d,l){\"use strict\";l.querySelector&&d.addEventListener&&\"undefined\"!=typeof URL&&(d.wp=d.wp||{},d.wp.receiveEmbedMessage||(d.wp.receiveEmbedMessage=function(e){var t=e.data;if((t||t.secret||t.message||t.value)&&!\/[^a-zA-Z0-9]\/.test(t.secret)){for(var s,r,n,a=l.querySelectorAll('iframe[data-secret=\"'+t.secret+'\"]'),o=l.querySelectorAll('blockquote[data-secret=\"'+t.secret+'\"]'),c=new RegExp(\"^https?:$\",\"i\"),i=0;i<o.length;i++)o[i].style.display=\"none\";for(i=0;i<a.length;i++)s=a[i],e.source===s.contentWindow&&(s.removeAttribute(\"style\"),\"height\"===t.message?(1e3<(r=parseInt(t.value,10))?r=1e3:~~r<200&&(r=200),s.height=r):\"link\"===t.message&&(r=new URL(s.getAttribute(\"src\")),n=new URL(t.value),c.test(n.protocol))&&n.host===r.host&&l.activeElement===s&&(d.top.location.href=t.value))}},d.addEventListener(\"message\",d.wp.receiveEmbedMessage,!1),l.addEventListener(\"DOMContentLoaded\",function(){for(var e,t,s=l.querySelectorAll(\"iframe.wp-embedded-content\"),r=0;r<s.length;r++)(t=(e=s[r]).getAttribute(\"data-secret\"))||(t=Math.random().toString(36).substring(2,12),e.src+=\"#?secret=\"+t,e.setAttribute(\"data-secret\",t)),e.contentWindow.postMessage({message:\"ready\",secret:t},\"*\")},!1)))}(window,document);\n\/\/# sourceURL=https:\/\/www.uartes.edu.ec\/sitio\/wp-includes\/js\/wp-embed.min.js\n\/* ]]> *\/\n<\/script>\n","thumbnail_url":"https:\/\/www.uartes.edu.ec\/sitio\/wp-content\/uploads\/2022\/07\/Foto-Leonardo-Mejia.jpg","thumbnail_width":800,"thumbnail_height":800,"description":"Licenciado en Cine, por la Universidad de las Artes del Ecuador. Itinerario: montaje y sonido \u2013 postproducci\u00f3n. Maestr\u00eda en Fotograf\u00eda y Sociedad en Am\u00e9rica Latina (en curso) Descripci\u00f3n de la obra Ecuador, octubre del 2019. Una revuelta popular ha estallado por las medidas econ\u00f3micas implementadas por el gobierno de turno, el desempe\u00f1o de las fuerzas [&hellip;]"}

Licenciado en Cine, por la Universidad de las Artes del Ecuador. Itinerario: montaje y sonido – postproducción. Maestría en Fotografía y Sociedad en América Latina (en curso) Descripción de la obra Ecuador, octubre del 2019. Una revuelta popular ha estallado por las medidas económicas implementadas por el gobierno de turno, el desempeño de las fuerzas [&hellip;]
