{"id":4756,"date":"2019-10-28T17:27:31","date_gmt":"2019-10-28T22:27:31","guid":{"rendered":"http:\/\/www.uartes.edu.ec\/sitio\/la-universidad\/institucional\/relaciones-internacionales\/comuna\/"},"modified":"2025-07-28T14:20:08","modified_gmt":"2025-07-28T19:20:08","slug":"comuna","status":"publish","type":"page","link":"https:\/\/www.uartes.edu.ec\/sitio\/la-universidad\/la-universidad\/relaciones-internacionales\/comuna\/","title":{"rendered":"Comuna &#8211; Programa de movilidad"},"content":{"rendered":"\n<p><strong>COMUNA<\/strong>, es el <strong>Programa de Residencias y Estancias Art\u00edsticas Internacionales <\/strong>de la Universidad de las Artes, creado para incentivar la movilidad internacional de nuestra comunidad universitaria y el intercambio de experiencias entre artistas de varias latitudes. COMUNA potencia la generaci\u00f3n de procesos creativos desvaneciendo fronteras e integrando diversidades culturales en espacios de trabajo colectivo.<\/p>\n\n\n\n<p>A trav\u00e9s del intercambio entre lo diverso, lo nuevo y el di\u00e1logo de saberes, COMUNA busca contribuir a una comprensi\u00f3n emp\u00e1tica del <em>nosotros<\/em> diverso. Para COMUNA la energ\u00eda de la convivencia en la diversidad es el motor que propicia la creatividad y la generaci\u00f3n de nuevos conocimientos.<\/p>\n\n\n\n<p>A partir de la experiencia de creaci\u00f3n colectiva entre culturas, nuestros estudiantes desarrollar\u00e1n herramientas que les permitan alimentar procesos creativos desde la diferencia y la interculturalidad, que potencien la circulaci\u00f3n de sus obras y saberes en otras partes del mundo y que compartan modelos pedag\u00f3gicos y propuestas de creaci\u00f3n. COMUNA tambi\u00e9n brinda nuevas perspectivas acad\u00e9micas y creativas a nuestros docentes para potenciar su trabajo art\u00edstico y sus metodolog\u00edas de ense\u00f1anza e investigaci\u00f3n.<\/p>\n\n\n\n<p>COMUNA articular\u00e1 una red y un circuito de residencias art\u00edsticas con diferentes instituciones integradas por equipos internacionales para generar procesos creativos comunitarios y proyectos de producci\u00f3n y circulaci\u00f3n art\u00edstica, as\u00ed como de investigaci\u00f3n en artes.<\/p>\n\n\n\n<h3 class=\"wp-block-heading\">Comuna &#8211; Primera Edici\u00f3n<\/h3>\n\n\n\n<p>El 7 de noviembre de 2019 se lanz\u00f3 la convocatoria a la Primera Edici\u00f3n del Programa Comuna, que recopil\u00f3 44 aplicaciones de estudiantes y 17 aplicaciones de docentes. Despu\u00e9s de la revisi\u00f3n de las postulaciones por parte de los miembros del Comit\u00e9 de Internacionalizaci\u00f3n, se seleccion\u00f3 a los 16 ganadores de la primera edici\u00f3n del Programa de Residencias Art\u00edsticas COMUNA.<\/p>\n\n\n\n<h4 class=\"wp-block-heading\">Estudiantes<\/h4>\n\n\n\n<ul class=\"wp-block-list\">\n<li><a href=\"http:\/\/www.uartes.edu.ec\/sitio\/docs\/cristian-agustin-alvarado-montalvo\/\">Alvarado Montalvo Cristian Agust\u00edn<\/a><\/li>\n\n\n\n<li><a href=\"http:\/\/www.uartes.edu.ec\/sitio\/docs\/alexandra-mishell-banda-almeida\/\">Banda Almeida Alexandra Mishell<\/a><\/li>\n\n\n\n<li><a href=\"http:\/\/www.uartes.edu.ec\/sitio\/docs\/jose-david-barberan-cevallos\/\">Barber\u00e1n Cevallos Jos\u00e9 David<\/a><\/li>\n\n\n\n<li><a href=\"http:\/\/www.uartes.edu.ec\/sitio\/docs\/enrique-landivar-garcia\/\">Landivar Garc\u00eda Enrique Alejandro<\/a><\/li>\n\n\n\n<li><a href=\"http:\/\/www.uartes.edu.ec\/sitio\/docs\/milton-leonardo-mejia-vallejo\/\">Mej\u00eda Vallejo Milton Leonardo<\/a><\/li>\n\n\n\n<li><a href=\"http:\/\/www.uartes.edu.ec\/sitio\/docs\/sergio-mendoza\/\">Mendoza Serrano Sergio Mauricio<\/a><\/li>\n\n\n\n<li><a href=\"http:\/\/www.uartes.edu.ec\/sitio\/docs\/tania-munoz\/\">Mu\u00f1oz Ordo\u00f1ez Tania Esmeralda<\/a><\/li>\n\n\n\n<li><a href=\"http:\/\/www.uartes.edu.ec\/sitio\/docs\/juan-alfredo-paredes-beckmann\/\">Paredes Beckmann Juan Alfredo<\/a><\/li>\n\n\n\n<li><a href=\"http:\/\/www.uartes.edu.ec\/sitio\/docs\/bryan-nicolas-rizo-alvear\/\">Rizo Alvear Bryan Nicol\u00e1s<\/a><\/li>\n\n\n\n<li><a href=\"http:\/\/www.uartes.edu.ec\/sitio\/docs\/ariana-salas-quinga\/\">Salas Quinga Ariana Gabriela<\/a><\/li>\n\n\n\n<li><a href=\"http:\/\/www.uartes.edu.ec\/sitio\/docs\/salome-abigail-villamar-tapia\/\">Villamar Tapia Salom\u00e9 Abigail<\/a><\/li>\n<\/ul>\n\n\n\n<h4 class=\"wp-block-heading\">Docentes<\/h4>\n\n\n\n<ul class=\"wp-block-list\">\n<li><a href=\"http:\/\/www.uartes.edu.ec\/sitio\/docs\/diego-eduardo-benalcazar-vega-2\/\">Benalc\u00e1zar Vega Diego Eduardo<\/a><\/li>\n\n\n\n<li>Briones Mar\u00eda Paulina<\/li>\n\n\n\n<li><a href=\"http:\/\/www.uartes.edu.ec\/sitio\/docs\/juan-martin-cueva\/\">Cueva Armijos Juan Mart\u00edn<\/a><\/li>\n\n\n\n<li><a href=\"http:\/\/www.uartes.edu.ec\/sitio\/docs\/michelle-ulloa-landivar-2\/\">Ulloa Michelle<\/a><\/li>\n\n\n\n<li><a href=\"http:\/\/www.uartes.edu.ec\/sitio\/docs\/cristian-villavicencio-2\/\">Villavicencio Ruiz Cristian<\/a><\/li>\n<\/ul>\n","protected":false},"excerpt":{"rendered":"<p>COMUNA, es el Programa de Residencias y Estancias Art\u00edsticas Internacionales de la Universidad de las Artes, creado para incentivar la movilidad internacional de nuestra comunidad universitaria y el intercambio de experiencias entre artistas de varias latitudes. COMUNA potencia la generaci\u00f3n de procesos creativos desvaneciendo fronteras e integrando diversidades culturales en espacios de trabajo colectivo. A [&hellip;]<\/p>\n","protected":false},"author":1,"featured_media":9405,"parent":3047,"menu_order":3,"comment_status":"closed","ping_status":"closed","template":"","meta":{"_acf_changed":false,"_uag_custom_page_level_css":"","_monsterinsights_skip_tracking":false,"_monsterinsights_sitenote_active":false,"_monsterinsights_sitenote_note":"","_monsterinsights_sitenote_category":0,"cybocfi_hide_featured_image":"","footnotes":""},"class_list":["post-4756","page","type-page","status-publish","has-post-thumbnail","hentry"],"acf":[],"yoast_head":"<!-- This site is optimized with the Yoast SEO plugin v27.4 - https:\/\/yoast.com\/product\/yoast-seo-wordpress\/ -->\n<title>Universidad de las Artes - Comuna - Programa de movilidad<\/title>\n<meta name=\"description\" content=\"Universidad de las Artes - Comuna - Programa de movilidad\" \/>\n<meta name=\"robots\" content=\"index, follow, max-snippet:-1, max-image-preview:large, max-video-preview:-1\" \/>\n<link rel=\"canonical\" href=\"https:\/\/www.uartes.edu.ec\/sitio\/la-universidad\/la-universidad\/relaciones-internacionales\/comuna\/\" \/>\n<meta property=\"og:locale\" content=\"es_ES\" \/>\n<meta property=\"og:type\" content=\"article\" \/>\n<meta property=\"og:title\" content=\"Universidad de las Artes - Comuna - Programa de movilidad\" \/>\n<meta property=\"og:description\" content=\"Universidad de las Artes - Comuna - Programa de movilidad\" \/>\n<meta property=\"og:url\" content=\"https:\/\/www.uartes.edu.ec\/sitio\/la-universidad\/la-universidad\/relaciones-internacionales\/comuna\/\" \/>\n<meta property=\"og:site_name\" content=\"Universidad de las Artes\" \/>\n<meta property=\"article:publisher\" content=\"https:\/\/www.facebook.com\/uartesec\" \/>\n<meta property=\"article:modified_time\" content=\"2025-07-28T19:20:08+00:00\" \/>\n<meta property=\"og:image\" content=\"https:\/\/www.uartes.edu.ec\/sitio\/wp-content\/uploads\/2020\/10\/COMUNA-5-estudiantes-de-licenciatura.jpg\" \/>\n\t<meta property=\"og:image:width\" content=\"2000\" \/>\n\t<meta property=\"og:image:height\" content=\"1333\" \/>\n\t<meta property=\"og:image:type\" content=\"image\/jpeg\" \/>\n<meta name=\"twitter:card\" content=\"summary_large_image\" \/>\n<meta name=\"twitter:site\" content=\"@uartesec\" \/>\n<meta name=\"twitter:label1\" content=\"Tiempo de lectura\" \/>\n\t<meta name=\"twitter:data1\" content=\"2 minutos\" \/>\n<script type=\"application\/ld+json\" class=\"yoast-schema-graph\">{\"@context\":\"https:\\\/\\\/schema.org\",\"@graph\":[{\"@type\":\"WebPage\",\"@id\":\"https:\\\/\\\/www.uartes.edu.ec\\\/sitio\\\/la-universidad\\\/la-universidad\\\/relaciones-internacionales\\\/comuna\\\/\",\"url\":\"https:\\\/\\\/www.uartes.edu.ec\\\/sitio\\\/la-universidad\\\/la-universidad\\\/relaciones-internacionales\\\/comuna\\\/\",\"name\":\"Universidad de las Artes - Comuna - Programa de movilidad\",\"isPartOf\":{\"@id\":\"https:\\\/\\\/www.uartes.edu.ec\\\/sitio\\\/#website\"},\"primaryImageOfPage\":{\"@id\":\"https:\\\/\\\/www.uartes.edu.ec\\\/sitio\\\/la-universidad\\\/la-universidad\\\/relaciones-internacionales\\\/comuna\\\/#primaryimage\"},\"image\":{\"@id\":\"https:\\\/\\\/www.uartes.edu.ec\\\/sitio\\\/la-universidad\\\/la-universidad\\\/relaciones-internacionales\\\/comuna\\\/#primaryimage\"},\"thumbnailUrl\":\"https:\\\/\\\/www.uartes.edu.ec\\\/sitio\\\/wp-content\\\/uploads\\\/2020\\\/10\\\/COMUNA-5-estudiantes-de-licenciatura.jpg\",\"datePublished\":\"2019-10-28T22:27:31+00:00\",\"dateModified\":\"2025-07-28T19:20:08+00:00\",\"description\":\"Universidad de las Artes - Comuna - Programa de movilidad\",\"breadcrumb\":{\"@id\":\"https:\\\/\\\/www.uartes.edu.ec\\\/sitio\\\/la-universidad\\\/la-universidad\\\/relaciones-internacionales\\\/comuna\\\/#breadcrumb\"},\"inLanguage\":\"es\",\"potentialAction\":[{\"@type\":\"ReadAction\",\"target\":[\"https:\\\/\\\/www.uartes.edu.ec\\\/sitio\\\/la-universidad\\\/la-universidad\\\/relaciones-internacionales\\\/comuna\\\/\"]}]},{\"@type\":\"ImageObject\",\"inLanguage\":\"es\",\"@id\":\"https:\\\/\\\/www.uartes.edu.ec\\\/sitio\\\/la-universidad\\\/la-universidad\\\/relaciones-internacionales\\\/comuna\\\/#primaryimage\",\"url\":\"https:\\\/\\\/www.uartes.edu.ec\\\/sitio\\\/wp-content\\\/uploads\\\/2020\\\/10\\\/COMUNA-5-estudiantes-de-licenciatura.jpg\",\"contentUrl\":\"https:\\\/\\\/www.uartes.edu.ec\\\/sitio\\\/wp-content\\\/uploads\\\/2020\\\/10\\\/COMUNA-5-estudiantes-de-licenciatura.jpg\",\"width\":2000,\"height\":1333},{\"@type\":\"BreadcrumbList\",\"@id\":\"https:\\\/\\\/www.uartes.edu.ec\\\/sitio\\\/la-universidad\\\/la-universidad\\\/relaciones-internacionales\\\/comuna\\\/#breadcrumb\",\"itemListElement\":[{\"@type\":\"ListItem\",\"position\":1,\"name\":\"Inicio\",\"item\":\"https:\\\/\\\/www.uartes.edu.ec\\\/sitio\\\/\"},{\"@type\":\"ListItem\",\"position\":2,\"name\":\"Universidad de las Artes\",\"item\":\"https:\\\/\\\/www.uartes.edu.ec\\\/sitio\\\/\"},{\"@type\":\"ListItem\",\"position\":3,\"name\":\"La Universidad\",\"item\":\"https:\\\/\\\/www.uartes.edu.ec\\\/sitio\\\/la-universidad\\\/la-universidad\\\/\"},{\"@type\":\"ListItem\",\"position\":4,\"name\":\"Relaciones Internacionales\",\"item\":\"https:\\\/\\\/www.uartes.edu.ec\\\/sitio\\\/la-universidad\\\/la-universidad\\\/relaciones-internacionales\\\/\"},{\"@type\":\"ListItem\",\"position\":5,\"name\":\"Comuna &#8211; Programa de movilidad\"}]},{\"@type\":\"WebSite\",\"@id\":\"https:\\\/\\\/www.uartes.edu.ec\\\/sitio\\\/#website\",\"url\":\"https:\\\/\\\/www.uartes.edu.ec\\\/sitio\\\/\",\"name\":\"Universidad de las Artes\",\"description\":\"Sitio oficial de la Universidad Nacional de las Artes del Ecuador\",\"publisher\":{\"@id\":\"https:\\\/\\\/www.uartes.edu.ec\\\/sitio\\\/#organization\"},\"potentialAction\":[{\"@type\":\"SearchAction\",\"target\":{\"@type\":\"EntryPoint\",\"urlTemplate\":\"https:\\\/\\\/www.uartes.edu.ec\\\/sitio\\\/?s={search_term_string}\"},\"query-input\":{\"@type\":\"PropertyValueSpecification\",\"valueRequired\":true,\"valueName\":\"search_term_string\"}}],\"inLanguage\":\"es\"},{\"@type\":\"Organization\",\"@id\":\"https:\\\/\\\/www.uartes.edu.ec\\\/sitio\\\/#organization\",\"name\":\"Universidad de las Artes\",\"url\":\"https:\\\/\\\/www.uartes.edu.ec\\\/sitio\\\/\",\"logo\":{\"@type\":\"ImageObject\",\"inLanguage\":\"es\",\"@id\":\"https:\\\/\\\/www.uartes.edu.ec\\\/sitio\\\/#\\\/schema\\\/logo\\\/image\\\/\",\"url\":\"https:\\\/\\\/www.uartes.edu.ec\\\/sitio\\\/wp-content\\\/uploads\\\/2022\\\/07\\\/logo-ua-horizontal.png\",\"contentUrl\":\"https:\\\/\\\/www.uartes.edu.ec\\\/sitio\\\/wp-content\\\/uploads\\\/2022\\\/07\\\/logo-ua-horizontal.png\",\"width\":800,\"height\":276,\"caption\":\"Universidad de las Artes\"},\"image\":{\"@id\":\"https:\\\/\\\/www.uartes.edu.ec\\\/sitio\\\/#\\\/schema\\\/logo\\\/image\\\/\"},\"sameAs\":[\"https:\\\/\\\/www.facebook.com\\\/uartesec\",\"https:\\\/\\\/x.com\\\/uartesec\",\"https:\\\/\\\/www.tiktok.com\\\/@uartesec\"]}]}<\/script>\n<!-- \/ Yoast SEO plugin. -->","yoast_head_json":{"title":"Universidad de las Artes - Comuna - Programa de movilidad","description":"Universidad de las Artes - Comuna - Programa de movilidad","robots":{"index":"index","follow":"follow","max-snippet":"max-snippet:-1","max-image-preview":"max-image-preview:large","max-video-preview":"max-video-preview:-1"},"canonical":"https:\/\/www.uartes.edu.ec\/sitio\/la-universidad\/la-universidad\/relaciones-internacionales\/comuna\/","og_locale":"es_ES","og_type":"article","og_title":"Universidad de las Artes - Comuna - Programa de movilidad","og_description":"Universidad de las Artes - Comuna - Programa de movilidad","og_url":"https:\/\/www.uartes.edu.ec\/sitio\/la-universidad\/la-universidad\/relaciones-internacionales\/comuna\/","og_site_name":"Universidad de las Artes","article_publisher":"https:\/\/www.facebook.com\/uartesec","article_modified_time":"2025-07-28T19:20:08+00:00","og_image":[{"width":2000,"height":1333,"url":"https:\/\/www.uartes.edu.ec\/sitio\/wp-content\/uploads\/2020\/10\/COMUNA-5-estudiantes-de-licenciatura.jpg","type":"image\/jpeg"}],"twitter_card":"summary_large_image","twitter_site":"@uartesec","twitter_misc":{"Tiempo de lectura":"2 minutos"},"schema":{"@context":"https:\/\/schema.org","@graph":[{"@type":"WebPage","@id":"https:\/\/www.uartes.edu.ec\/sitio\/la-universidad\/la-universidad\/relaciones-internacionales\/comuna\/","url":"https:\/\/www.uartes.edu.ec\/sitio\/la-universidad\/la-universidad\/relaciones-internacionales\/comuna\/","name":"Universidad de las Artes - Comuna - Programa de movilidad","isPartOf":{"@id":"https:\/\/www.uartes.edu.ec\/sitio\/#website"},"primaryImageOfPage":{"@id":"https:\/\/www.uartes.edu.ec\/sitio\/la-universidad\/la-universidad\/relaciones-internacionales\/comuna\/#primaryimage"},"image":{"@id":"https:\/\/www.uartes.edu.ec\/sitio\/la-universidad\/la-universidad\/relaciones-internacionales\/comuna\/#primaryimage"},"thumbnailUrl":"https:\/\/www.uartes.edu.ec\/sitio\/wp-content\/uploads\/2020\/10\/COMUNA-5-estudiantes-de-licenciatura.jpg","datePublished":"2019-10-28T22:27:31+00:00","dateModified":"2025-07-28T19:20:08+00:00","description":"Universidad de las Artes - Comuna - Programa de movilidad","breadcrumb":{"@id":"https:\/\/www.uartes.edu.ec\/sitio\/la-universidad\/la-universidad\/relaciones-internacionales\/comuna\/#breadcrumb"},"inLanguage":"es","potentialAction":[{"@type":"ReadAction","target":["https:\/\/www.uartes.edu.ec\/sitio\/la-universidad\/la-universidad\/relaciones-internacionales\/comuna\/"]}]},{"@type":"ImageObject","inLanguage":"es","@id":"https:\/\/www.uartes.edu.ec\/sitio\/la-universidad\/la-universidad\/relaciones-internacionales\/comuna\/#primaryimage","url":"https:\/\/www.uartes.edu.ec\/sitio\/wp-content\/uploads\/2020\/10\/COMUNA-5-estudiantes-de-licenciatura.jpg","contentUrl":"https:\/\/www.uartes.edu.ec\/sitio\/wp-content\/uploads\/2020\/10\/COMUNA-5-estudiantes-de-licenciatura.jpg","width":2000,"height":1333},{"@type":"BreadcrumbList","@id":"https:\/\/www.uartes.edu.ec\/sitio\/la-universidad\/la-universidad\/relaciones-internacionales\/comuna\/#breadcrumb","itemListElement":[{"@type":"ListItem","position":1,"name":"Inicio","item":"https:\/\/www.uartes.edu.ec\/sitio\/"},{"@type":"ListItem","position":2,"name":"Universidad de las Artes","item":"https:\/\/www.uartes.edu.ec\/sitio\/"},{"@type":"ListItem","position":3,"name":"La Universidad","item":"https:\/\/www.uartes.edu.ec\/sitio\/la-universidad\/la-universidad\/"},{"@type":"ListItem","position":4,"name":"Relaciones Internacionales","item":"https:\/\/www.uartes.edu.ec\/sitio\/la-universidad\/la-universidad\/relaciones-internacionales\/"},{"@type":"ListItem","position":5,"name":"Comuna &#8211; Programa de movilidad"}]},{"@type":"WebSite","@id":"https:\/\/www.uartes.edu.ec\/sitio\/#website","url":"https:\/\/www.uartes.edu.ec\/sitio\/","name":"Universidad de las Artes","description":"Sitio oficial de la Universidad Nacional de las Artes del Ecuador","publisher":{"@id":"https:\/\/www.uartes.edu.ec\/sitio\/#organization"},"potentialAction":[{"@type":"SearchAction","target":{"@type":"EntryPoint","urlTemplate":"https:\/\/www.uartes.edu.ec\/sitio\/?s={search_term_string}"},"query-input":{"@type":"PropertyValueSpecification","valueRequired":true,"valueName":"search_term_string"}}],"inLanguage":"es"},{"@type":"Organization","@id":"https:\/\/www.uartes.edu.ec\/sitio\/#organization","name":"Universidad de las Artes","url":"https:\/\/www.uartes.edu.ec\/sitio\/","logo":{"@type":"ImageObject","inLanguage":"es","@id":"https:\/\/www.uartes.edu.ec\/sitio\/#\/schema\/logo\/image\/","url":"https:\/\/www.uartes.edu.ec\/sitio\/wp-content\/uploads\/2022\/07\/logo-ua-horizontal.png","contentUrl":"https:\/\/www.uartes.edu.ec\/sitio\/wp-content\/uploads\/2022\/07\/logo-ua-horizontal.png","width":800,"height":276,"caption":"Universidad de las Artes"},"image":{"@id":"https:\/\/www.uartes.edu.ec\/sitio\/#\/schema\/logo\/image\/"},"sameAs":["https:\/\/www.facebook.com\/uartesec","https:\/\/x.com\/uartesec","https:\/\/www.tiktok.com\/@uartesec"]}]}},"uagb_featured_image_src":{"full":["https:\/\/www.uartes.edu.ec\/sitio\/wp-content\/uploads\/2020\/10\/COMUNA-5-estudiantes-de-licenciatura.jpg",2000,1333,false],"thumbnail":["https:\/\/www.uartes.edu.ec\/sitio\/wp-content\/uploads\/2020\/10\/COMUNA-5-estudiantes-de-licenciatura-150x150.jpg",150,150,true],"medium":["https:\/\/www.uartes.edu.ec\/sitio\/wp-content\/uploads\/2020\/10\/COMUNA-5-estudiantes-de-licenciatura-300x200.jpg",300,200,true],"medium_large":["https:\/\/www.uartes.edu.ec\/sitio\/wp-content\/uploads\/2020\/10\/COMUNA-5-estudiantes-de-licenciatura-768x512.jpg",768,512,true],"large":["https:\/\/www.uartes.edu.ec\/sitio\/wp-content\/uploads\/2020\/10\/COMUNA-5-estudiantes-de-licenciatura-644x429.jpg",644,429,true],"1536x1536":["https:\/\/www.uartes.edu.ec\/sitio\/wp-content\/uploads\/2020\/10\/COMUNA-5-estudiantes-de-licenciatura-1536x1024.jpg",1536,1024,true],"2048x2048":["https:\/\/www.uartes.edu.ec\/sitio\/wp-content\/uploads\/2020\/10\/COMUNA-5-estudiantes-de-licenciatura.jpg",2000,1333,false],"trp-custom-language-flag":["https:\/\/www.uartes.edu.ec\/sitio\/wp-content\/uploads\/2020\/10\/COMUNA-5-estudiantes-de-licenciatura.jpg",18,12,false],"htmega_size_585x295":["https:\/\/www.uartes.edu.ec\/sitio\/wp-content\/uploads\/2020\/10\/COMUNA-5-estudiantes-de-licenciatura-585x295.jpg",585,295,true],"htmega_size_1170x536":["https:\/\/www.uartes.edu.ec\/sitio\/wp-content\/uploads\/2020\/10\/COMUNA-5-estudiantes-de-licenciatura-1170x536.jpg",1170,536,true],"htmega_size_396x360":["https:\/\/www.uartes.edu.ec\/sitio\/wp-content\/uploads\/2020\/10\/COMUNA-5-estudiantes-de-licenciatura-396x360.jpg",396,360,true],"gb-block-post-grid-landscape":["https:\/\/www.uartes.edu.ec\/sitio\/wp-content\/uploads\/2020\/10\/COMUNA-5-estudiantes-de-licenciatura.jpg",600,400,false],"gb-block-post-grid-square":["https:\/\/www.uartes.edu.ec\/sitio\/wp-content\/uploads\/2020\/10\/COMUNA-5-estudiantes-de-licenciatura.jpg",600,400,false],"university-hub-thumb":["https:\/\/www.uartes.edu.ec\/sitio\/wp-content\/uploads\/2020\/10\/COMUNA-5-estudiantes-de-licenciatura-400x267.jpg",400,267,true]},"uagb_author_info":{"display_name":"Universidad de las Artes","author_link":"https:\/\/www.uartes.edu.ec\/sitio\/blog\/author\/dircomadm\/"},"uagb_comment_info":0,"uagb_excerpt":"COMUNA, es el Programa de Residencias y Estancias Art\u00edsticas Internacionales de la Universidad de las Artes, creado para incentivar la movilidad internacional de nuestra comunidad universitaria y el intercambio de experiencias entre artistas de varias latitudes. COMUNA potencia la generaci\u00f3n de procesos creativos desvaneciendo fronteras e integrando diversidades culturales en espacios de trabajo colectivo. A&hellip;","featured_image_src":"https:\/\/www.uartes.edu.ec\/sitio\/wp-content\/uploads\/2020\/10\/COMUNA-5-estudiantes-de-licenciatura.jpg","featured_image_src_square":"https:\/\/www.uartes.edu.ec\/sitio\/wp-content\/uploads\/2020\/10\/COMUNA-5-estudiantes-de-licenciatura.jpg","publishpress_future_action":{"enabled":false,"date":"2026-05-08 11:19:25","action":"change-status","newStatus":"draft","terms":[],"taxonomy":"","extraData":[]},"publishpress_future_workflow_manual_trigger":{"enabledWorkflows":[]},"distributor_meta":false,"distributor_terms":false,"distributor_media":false,"distributor_original_site_name":"Universidad de las Artes","distributor_original_site_url":"https:\/\/www.uartes.edu.ec\/sitio","push-errors":false,"_links":{"self":[{"href":"https:\/\/www.uartes.edu.ec\/sitio\/wp-json\/wp\/v2\/pages\/4756","targetHints":{"allow":["GET"]}}],"collection":[{"href":"https:\/\/www.uartes.edu.ec\/sitio\/wp-json\/wp\/v2\/pages"}],"about":[{"href":"https:\/\/www.uartes.edu.ec\/sitio\/wp-json\/wp\/v2\/types\/page"}],"author":[{"embeddable":true,"href":"https:\/\/www.uartes.edu.ec\/sitio\/wp-json\/wp\/v2\/users\/1"}],"replies":[{"embeddable":true,"href":"https:\/\/www.uartes.edu.ec\/sitio\/wp-json\/wp\/v2\/comments?post=4756"}],"version-history":[{"count":27,"href":"https:\/\/www.uartes.edu.ec\/sitio\/wp-json\/wp\/v2\/pages\/4756\/revisions"}],"predecessor-version":[{"id":75222,"href":"https:\/\/www.uartes.edu.ec\/sitio\/wp-json\/wp\/v2\/pages\/4756\/revisions\/75222"}],"up":[{"embeddable":true,"href":"https:\/\/www.uartes.edu.ec\/sitio\/wp-json\/wp\/v2\/pages\/3047"}],"wp:featuredmedia":[{"embeddable":true,"href":"https:\/\/www.uartes.edu.ec\/sitio\/wp-json\/wp\/v2\/media\/9405"}],"wp:attachment":[{"href":"https:\/\/www.uartes.edu.ec\/sitio\/wp-json\/wp\/v2\/media?parent=4756"}],"curies":[{"name":"wp","href":"https:\/\/api.w.org\/{rel}","templated":true}]}}